- 7*w**2 + w**3 - c + 44 + 46. What is n(7)?
-5
Let d(t) = -3*t**2 - 16*t - 2. Let q(x) = x**2 + 1374*x - 5508. Let o be q(4). What is d(o)?
-114
Suppose -8*s - 3 + 59 = 0. Suppose 3*r + y + 6 = 0, 12*r - s*r + y + 10 = 0. Let z(t) = -t**2 - 2*t. What is z(r)?
0
Let c be 1 - -5 - (-2 - 1). Let j be 5*2/(30/c). Suppose 2 = j*h + 5. Let o(x) = -x**3 + x**2 - x - 1. What is o(h)?
2
Let r(y) = -y**2 - 13*y + 38. Suppose p + 44*v = 41*v - 2, -86 = 5*p - 4*v. Determine r(p).
24
Let w(g) = -g**2 + 7*g - 8. Suppose -14 - 476 = -70*j. Determine w(j).
-8
Let l = -209 + 213. Suppose -u - 28 + 5 = 5*c, -u + 22 = -l*c. Let m(x) = 12*x - 3. Give m(u).
21
Let j(i) = -i**2 + 2*i - 1. Let l(n) = 16*n + 2. Let t be l(3). Let h = -65 + t. Let r(m) = m**3 + 15*m**2 - m - 11. Let c be r(h). Determine j(c).
-9
Let a(v) = v**2 + 3*v - 6. Let c(l) = 108*l - 2811. Let g be c(26). Give a(g).
-6
Let j(x) = -x**3 + 18*x**2 - 79*x - 14. Let g be j(10). Let k(h) = -h - 10. Let u(o) = -o - 5. Let w(p) = -2*k(p) + 5*u(p). Give w(g).
7
Let l(w) = -w**2 + 4*w + 12. Suppose -19*c + 13 = 32. Let m be (36/(-6))/c - -3. Give l(m).
-33
Let u = 38 + -35. Let x be (u + 1)*(1 - 0). Let k(l) = -1 - x*l + 2*l + 3*l - 3. What is k(3)?
-1
Let g = -6143 + 6159. Let w(t) = -t**3 + 17*t**2 - 12*t - 9. Give w(g).
55
Let i(x) = x**3 - 3*x - 1. Let o be (-17)/68*(-7 - 1). Suppose 5*k + 0 - 4 = -o*v, 0 = -v - 3*k + 1. Suppose -1 = 4*j + v. Calculate i(j).
-3
Suppose 0 = 2*h + 1 + 9, -2*u = -3*h - 37. Suppose 54 = -u*i + 142. Let d(z) = -z**2 + 9*z + 8. Give d(i).
16
Let q(x) = x + 2. Suppose 594 - 342 = -4*k. Let o be (-7)/k + 5/((-45)/(-62)). What is q(o)?
9
Let w(n) = 2*n + 3. Suppose 6*v = -2*m + 78, 3*v - 5*m + 6 = 9. Determine w(v).
25
Suppose 2*c - 4 = 2*z, -3*c - 2*c - 5*z - 10 = 0. Let r(b) = c + 2 - 2*b + b. Give r(-7).
9
Suppose 4*a - 20 = 0, x + 5*a - 78 = -38. Let k(t) = 4*t - 56. Determine k(x).
4
Let p be 1/(-3) + 32/6. Suppose 44*g + 87 = 307. Let t(q) = 2*q**3 - 2*q + 0 + 5 + 2*q**3 + 5*q**2 - g*q**3. Give t(p).
-5
Let x(p) = -79*p - 11 + 78*p - 24*p**3 + 25*p**3. Give x(0).
-11
Let m(d) = -2*d**2 - d. Let u = -297 + 296. Let o(p) = -9*p**2 - 15*p + 12. Let v(x) = u*o(x) + 5*m(x). Calculate v(8).
4
Let k(g) = -6 - 2*g + 4 - 1 - g**3 - 4*g**2. Let d = -25477 - -25473. What is k(d)?
5
Let d be 5 - 11 - -2 - (-2 - (-5 + 1)). Let z(b) = -3*b - 7. What is z(d)?
11
Let r(k) = 3*k - 2*k + 1756 - 1763 + 16*k + k. Calculate r(-3).
-61
Suppose -5*m - 1381 = -41. Let f = m - -269. Let u(q) = -9*q - 1. What is u(f)?
-10
Let s(g) = -543 + 533 - 28*g + 27*g. What is s(11)?
-21
Let q(v) = 6*v**2 + 27*v + 9. Let w be q(-4). Let d(z) = -3*z**2 + 6*z + 21. Calculate d(w).
-24
Let w(p) = -p**2 + 7*p - 2. Let c be (-2)/(-9) - 236/9. Let t be 289/10 - 3/(-30). Let f = t + c. Calculate w(f).
10
Let q(n) be the third derivative of -n**6/120 + n**5/60 + n**4/24 + n**3/2 - 10*n**2. Let t(a) = -12*a + 504. Let g be t(42). Calculate q(g).
3
Let v(s) = -s**2 - 2*s**3 + 0*s**3 - 16 + 3*s**3 - s. Suppose -4*l + 4 = 4*u, 4*l - 31*u + 28*u + 3 = 0. Suppose l = 56*j - 63*j. Give v(j).
-16
Let v(n) = -5*n - 69738 + 9*n + 69727 + 3*n. What is v(-5)?
-46
Let s(k) be the first derivative of -k**4/4 + 5*k**3 - 12*k**2 - 22*k + 2608. What is s(13)?
4
Let b(o) = 3*o**3 - 3*o + 4. Let a be b(1). Let k(s) = -9*s + 45. Let n be k(a). Let v(m) = m - 9. Give v(n).
0
Let v(m) = 48*m. Let j(z) = -385*z - 9. Let q(b) = -j(b) - 8*v(b). Let a(f) = 5*f**2 - f + 1. Let k be a(1). Suppose 4 = -c - n - k, n = c + 1. What is q(c)?
4
Let i(a) = -276*a + 151. Let w(s) = 61*s - 38. Let g(j) = -2*i(j) - 9*w(j). Calculate g(-11).
7
Let n(l) = -l**3 + 13*l**2 - 28*l - 29. Suppose y = -3*z + 16, 0 = -4*y + 2*z + 269 - 233. Give n(y).
-9
Let n = -170 - -207. Suppose 0 = -2*u - 6, -3*u = l - 3*l + n. Let c(s) = -s**3 + 15*s**2 - 15*s + 16. Determine c(l).
2
Let w(v) = -v**2 - 8*v - 5. Let b be 1*(-1)/3*(0 + 3). Let s be (3 + 204/(-28))/(b/7). Suppose -5*q = -2*p - s - 9, p + 2*q = 3. Determine w(p).
2
Let h(o) = -36*o + 188. Let b be h(5). Let z(s) = -12*s + 105. Give z(b).
9
Let b(v) = -5*v - 3. Let z(c) = -6*c - 17. Suppose 0 = 16*h - 363 + 395. Let a be z(h). Calculate b(a).
22
Let u = 357 + -21. Let w(s) = -2 - 159*s + u*s + 1 - 170*s. Calculate w(1).
6
Let d(o) = o + 4. Suppose -40*v = -34*v - 54. Suppose -v*t + 31 = -5. Give d(t).
8
Let q = -38631 + 38631. Let m(k) be the third derivative of 13*k**2 + 0*k + q + 1/6*k**3 + 5/24*k**4. Calculate m(-1).
-4
Let x(i) = 12 - 11*i - 19 - 9*i - 14 - 13. What is x(-3)?
26
Let d be 0 - (1 - 3/(-1)). Let k = 481 + -470. Let h(r) = -5 + 4*r - 3 + k - 3*r. Determine h(d).
-1
Let i(u) = -10*u - 28. Let g be i(-14). Suppose 21*f - 17*f = g. Let l = -31 + f. Let w(x) = 5*x + 4. What is w(l)?
-11
Let z(j) be the second derivative of -j**4/6 + j**3/2 - j**2 - 7*j. Let t be (0 + -4)/(-4*(-8)/(-32)). Calculate z(t).
-22
Suppose 143*g + 3*k + 25 = 148*g, 3*g - 4*k - 26 = 0. Let h(v) = -3*v - 3. Give h(g).
-9
Let m(w) = -w**3 + 16*w**2 - 2*w + 29. Let j be m(16). Let l(i) = 6*i. Let t(y) = y + 1. Let s(z) = j*t(z) + l(z). Calculate s(5).
12
Suppose 0 = g + 2, -4*j + 20*g = 23*g + 2. Let x(o) = -7*o**2 + o + 1. Give x(j).
-5
Let s(d) = d**3 + 6*d**2 + 6*d + 6. Suppose -5*w + w + 28 = 0. Let h be 3/w + 360/(-105) + -1. Give s(h).
14
Let t = 24 + -19. Let c(z) = z**2 - 3*z. Let n(o) = -4*o**2 + 12*o - 2. Let p(s) = 3*c(s) + n(s). Give p(t).
-12
Suppose j + 3 = 6, -2*q + 16 = 4*j. Let x(b) = -b. Let h(f) = -9*f - 4 + 0*f + 4*f + f. Let a(u) = h(u) - 5*x(u). What is a(q)?
-2
Let j(k) = -k + 7. Let m(c) = c**3 + 5*c**2 + 3*c - 10. Suppose -5*f + 115 = -s, 0 = -2*s - 5*f - 173 - 87. Let r be 2/12 + s/30. Let p be m(r). Give j(p).
13
Let v = -558 + 564. Let x(s) = -7*s**3 + 16*s**2 - 22*s + 27. Let w(m) = 13*m**3 - 33*m**2 + 44*m - 54. Let p(y) = v*w(y) + 11*x(y). Calculate p(21).
-6
Let w(t) = -5*t**3 - 2*t**2 + t - 3. Let a(v) = -8*v**3 - 3*v**2 - v - 2. Let l(m) = -2*a(m) + 3*w(m). Determine l(1).
1
Let x(n) be the third derivative of 17*n**4/24 + n**3/6 - 2*n**2. Suppose 8 = -4*m, -3*p + 80 + 109 = -3*m. Suppose -7*k + 68 = p. Give x(k).
18
Let u(p) = 93*p**2 + 12*p - 15. Let a(k) = -162*k**2 - 22*k + 27. Let b(w) = -4*a(w) - 7*u(w). Let c be 3/(6/14) - 1. Suppose 5*g - c = 2*g. What is b(g)?
-7
Let l(t) be the second derivative of t**3/3 - 13*t**2/2 + t + 124. What is l(5)?
-3
Let w(j) be the second derivative of j**4/12 + 7*j**3/6 - 3*j**2/2 - 13*j. Let s(f) = -f**3 + 20*f**2 - 91*f - 6. Let i be s(13). Give w(i).
-9
Suppose -3*d - 2*b = -0*d + 7, -5*d - 37 = -3*b. Let r(y) = -5*y**3 + 74*y + 7 + 4*y**3 - 7*y**2 - 76*y. What is r(d)?
-33
Let h(f) be the third derivative of f**4/12 - 41*f**3/6 - 3*f**2 + 755*f. Give h(21).
1
Let o(x) = -9*x - 1. Let g(u) = -4*u - 1. Let w(y) = -7*g(y) + 3*o(y). Suppose 4*s + 50 + 302 = 0. Let t = s - -96. Determine w(t).
12
Let k(x) = -2*x**3 - 24*x**2 - 3*x - 29. Let m be k(-12). Let n(p) = m - 2 + 0 + 0*p - 2 + p. Calculate n(0).
3
Suppose -61*g = -58*g - 15. Suppose g*o = -19 - 1. Let p(h) = -h**3 - 5*h**2 - 4*h - 6. What is p(o)?
-6
Let j(z) = 3*z**3 + 12*z - 7*z**2 - 14*z - 1 - 4*z**3 + 0. Let h be (66/77)/((-1)/7). What is j(h)?
-25
Let r(i) be the first derivative of i**4/4 + 5*i**3/3 - 2*i**2 - 8*i + 2. Suppose k = 5, 3*j - 25 = -4*k - 23. What is r(j)?
-20
Let v = -3592 - -3592. Let r(t) = t**2 + t + 11. Calculate r(v).
11
Let l(f) = -f**2 - f - 11. Let q = 53 + -56. Let s be ((-1)/(-1) - (3 + q)) + -1. What is l(s)?
-11
Let x(k) = k**3 + 11*k**2 + 19*k + 2. Suppose -109 = -92*t - 937. What is x(t)?
-7
Let y(d) = -d**3 - 5*d**2 - 10*d + 1. Let j be (-10 - -7)/(-3)*-3. What is y(j)?
13
Let k(s) = 7*s + 701. Let o be k(-101). Let h(m) be the third derivative of m**6/120 + 7*m**5/60 + 7*m**4/24 + 2*m**3 + 40*m**2. What is h(o)?
6
Let o(h) = 24*h**2 + 193*h + 350. Let z(x) = 5*x**2 + 39*x + 67. Let r(v) = -6*o(v) + 29*z(v). Calculate r(32).
3
Let t(j) be the second derivative of 5*j**4/3 + j**3/3 + 2*j**2 + 14*j - 4. What is t(-1)?
22
Let u(b) = 652 - 1404 + 25*b + 83. Calculate u(27).
6
Let b be (-8 - -3)*(-6)/15. Let c(s) = 99*s**2 - 35*s**2 - 36*s**2 - 2 - b - 30*s**2. Determine c(2).
-12
Suppose 5*d = -9 + 19. Suppose 0 = -6*p + 4*p + d. Let t(v) = v + 4*v - 6*v + 